{"id":344,"date":"2025-05-28T22:36:57","date_gmt":"2025-05-28T20:36:57","guid":{"rendered":"https:\/\/transportescepsa.com\/2017\/?page_id=344"},"modified":"2025-08-06T13:10:30","modified_gmt":"2025-08-06T18:10:30","slug":"privacidad","status":"publish","type":"page","link":"https:\/\/transportescepsa.com\/2017\/privacidad\/","title":{"rendered":"Privacidad"},"content":{"rendered":"\t\t<div data-elementor-type=\"wp-page\" data-elementor-id=\"344\" class=\"elementor elementor-344\">\n\t\t\t\t<div class=\"elementor-element elementor-element-2cccb93 e-flex e-con-boxed e-con e-parent\" data-id=\"2cccb93\" data-element_type=\"container\" data-e-type=\"container\" data-settings=\"{&quot;background_background&quot;:&quot;classic&quot;}\">\n\t\t\t\t\t<div class=\"e-con-inner\">\n\t\t\t\t<div class=\"elementor-element elementor-element-2374c92 elementor-invisible elementor-widget elementor-widget-heading\" data-id=\"2374c92\" data-element_type=\"widget\" data-e-type=\"widget\" data-settings=\"{&quot;_animation&quot;:&quot;fadeIn&quot;}\" data-widget_type=\"heading.default\">\n\t\t\t\t<div class=\"elementor-widget-container\">\n\t\t\t\t\t<h1 class=\"elementor-heading-title elementor-size-default\">Pol\u00edticas CEPSA<\/h1>\t\t\t\t<\/div>\n\t\t\t\t<\/div>\n\t\t\t\t\t<\/div>\n\t\t\t\t<\/div>\n\t\t<div class=\"elementor-element elementor-element-5f1eabf e-flex e-con-boxed e-con e-parent\" data-id=\"5f1eabf\" data-element_type=\"container\" data-e-type=\"container\">\n\t\t\t\t\t<div class=\"e-con-inner\">\n\t\t\t\t<div class=\"elementor-element elementor-element-5082d0c elementor-widget__width-initial elementor-widget elementor-widget-text-editor\" data-id=\"5082d0c\" data-element_type=\"widget\" data-e-type=\"widget\" data-widget_type=\"text-editor.default\">\n\t\t\t\t<div class=\"elementor-widget-container\">\n\t\t\t\t\t\t\t\t\t<h3><span style=\"box-sizing: border-box; font-size: 26px;\">Qui\u00e9nes somos<br><span style=\"color: rgb(122, 122, 122); font-size: 16px; font-weight: 400; letter-spacing: -0.4px; word-spacing: 1px;\">La direcci\u00f3n de nuestra web es: https:\/\/transportescepsa.com\/2017.<\/span><\/span><\/h3>\t\t\t\t\t\t\t\t<\/div>\n\t\t\t\t<\/div>\n\t\t\t\t\t<\/div>\n\t\t\t\t<\/div>\n\t\t<div class=\"elementor-element elementor-element-af77fb7 e-flex e-con-boxed e-con e-parent\" data-id=\"af77fb7\" data-element_type=\"container\" data-e-type=\"container\">\n\t\t\t\t\t<div class=\"e-con-inner\">\n\t\t\t\t<div class=\"elementor-element elementor-element-d87ce97 elementor-widget__width-initial elementor-widget elementor-widget-text-editor\" data-id=\"d87ce97\" data-element_type=\"widget\" data-e-type=\"widget\" data-widget_type=\"text-editor.default\">\n\t\t\t\t<div class=\"elementor-widget-container\">\n\t\t\t\t\t\t\t\t\t<h1 style=\"font-style: normal;\"><span style=\"font-size: 26px; letter-spacing: -0.4px;\">Comentarios<\/span><\/h1>\n<p style=\"font-size: 16px; font-style: normal; font-weight: 400;\">\n<\/p><p style=\"font-size: 16px; font-style: normal; font-weight: 400;\">Cuando los visitantes dejan comentarios en la web, recopilamos los datos que se muestran en el formulario de comentarios, as\u00ed como la direcci\u00f3n IP del visitante y la cadena de agentes de usuario del navegador para ayudar a la detecci\u00f3n de spam.<\/p>\n<p style=\"font-size: 16px; font-style: normal; font-weight: 400;\">\n<\/p><p style=\"font-size: 16px; font-style: normal; font-weight: 400;\">Una cadena an\u00f3nima creada a partir de tu direcci\u00f3n de correo electr\u00f3nico (tambi\u00e9n llamada hash) puede ser proporcionada al servicio de Gravatar para ver si la est\u00e1s usando. La pol\u00edtica de privacidad del servicio Gravatar est\u00e1 disponible aqu\u00ed: https:\/\/transportescepsa.com\/2017\/privacidad. Despu\u00e9s de la aprobaci\u00f3n de tu comentario, la imagen de tu perfil es visible para el p\u00fablico en el contexto de tu comentario.<\/p>\n<p style=\"font-size: 16px; font-style: normal; font-weight: 400;\">\n<\/p><h3 style=\"font-style: normal; color: #1e293b;\"><span style=\"font-style: inherit;\">Cu\u00e1nto tiempo conservamos tus datos<\/span><\/h3>\n<p style=\"font-size: 16px; font-style: normal; font-weight: 400;\">\n<\/p><p style=\"font-size: 16px; font-style: normal; font-weight: 400;\">Si dejas un comentario, el comentario y sus metadatos se conservan indefinidamente. Esto es para que podamos reconocer y aprobar comentarios sucesivos autom\u00e1ticamente, en lugar de mantenerlos en una cola de moderaci\u00f3n.<\/p>\n<p style=\"font-size: 16px; font-style: normal; font-weight: 400;\">\n<\/p><p style=\"font-size: 16px; font-style: normal; font-weight: 400;\">De los usuarios que se registran en nuestra web (si los hay), tambi\u00e9n almacenamos la informaci\u00f3n personal que proporcionan en su perfil de usuario. Todos los usuarios pueden ver, editar o eliminar su informaci\u00f3n personal en cualquier momento (excepto que no pueden cambiar su nombre de usuario). Los administradores de la web tambi\u00e9n pueden ver y editar esa informaci\u00f3n.<\/p>\t\t\t\t\t\t\t\t<\/div>\n\t\t\t\t<\/div>\n\t\t\t\t\t<\/div>\n\t\t\t\t<\/div>\n\t\t<div class=\"elementor-element elementor-element-53b9005 e-grid e-con-boxed e-con e-parent\" data-id=\"53b9005\" data-element_type=\"container\" data-e-type=\"container\">\n\t\t\t\t\t<div class=\"e-con-inner\">\n\t\t\t\t<div class=\"elementor-element elementor-element-6ec3bfe elementor-widget elementor-widget-text-editor\" data-id=\"6ec3bfe\" data-element_type=\"widget\" data-e-type=\"widget\" data-widget_type=\"text-editor.default\">\n\t\t\t\t<div class=\"elementor-widget-container\">\n\t\t\t\t\t\t\t\t\t<h2>Pol\u00edtica de calidad.\u00a0<\/h2>\n<p>Los colaboradores de Transportes CEPSA S.A. de C.V.\u00a0 Estamos conscientes de que el \u00e9xito depende del nivel de satisfacci\u00f3n de nuestros clientes, por eso damos nuestros servicios de transporte terrestre de carga apoyados en un sistema de gesti\u00f3n de calidad formal que nos ayude al cumplimiento de los requisitos de cualquier fuente y a la mejora continua de nuestro desempe\u00f1o.<\/p>\t\t\t\t\t\t\t\t<\/div>\n\t\t\t\t<\/div>\n\t\t\t\t<div class=\"elementor-element elementor-element-9ea7b91 elementor-widget elementor-widget-text-editor\" data-id=\"9ea7b91\" data-element_type=\"widget\" data-e-type=\"widget\" data-widget_type=\"text-editor.default\">\n\t\t\t\t<div class=\"elementor-widget-container\">\n\t\t\t\t\t\t\t\t\t<h2 style=\"font-style: normal; color: #1e293b; font-family: 'Schibsted Grotesk', sans-serif; letter-spacing: -0.4px; word-spacing: 1px;\">Pol\u00edtica de Acceso de gesti\u00f3n de mediciones.&nbsp;<\/h2>\n<p style=\"font-size: 16px; font-style: normal; font-weight: 400; font-family: 'Schibsted Grotesk', sans-serif; letter-spacing: -0.4px; word-spacing: 1px;\">En CEPSA le otorgamos a todos los integrantes de nuestra instituci\u00f3n, el acceso a la informaci\u00f3n de nuestro Sistema de Gesti\u00f3n de Mediciones, por medio de la comunicaci\u00f3n efectiva para su conocimiento, aplicaci\u00f3n, ejecuci\u00f3n, evaluaci\u00f3n y comprensi\u00f3n, con la finalidad de lograr la satisfacci\u00f3n de nuestros clientes. Tenemos establecido los l\u00edmites y las facilidades para compartir la informaci\u00f3n de acuerdo con las actividades que desarrollan en nuestra instituci\u00f3n, sin afectar los resultados establecidos por el Sistema de Gesti\u00f3n de Mediciones.<\/p>\t\t\t\t\t\t\t\t<\/div>\n\t\t\t\t<\/div>\n\t\t\t\t<div class=\"elementor-element elementor-element-0cc7f52 elementor-widget elementor-widget-text-editor\" data-id=\"0cc7f52\" data-element_type=\"widget\" data-e-type=\"widget\" data-widget_type=\"text-editor.default\">\n\t\t\t\t<div class=\"elementor-widget-container\">\n\t\t\t\t\t\t\t\t\t<h2>Pol\u00edtica CTPAT<\/h2>\n<h3 style=\"font-style: normal; color: #1e293b;\">(Customs Trade Partnership\u00a0Against Terrorism)<\/h3>\n<div><span style=\"font-style: inherit; font-weight: inherit;\">Es pol\u00edtica de Transportes CEPSA, la colaboraci\u00f3n binacional con la aduana de los Estados Unidos de Am\u00e9rica, para que juntos, Aduana, Comercio, Sociedad y Empresa, apliquemos los est\u00e1ndares internacionales del Programa C-TPAT y as\u00ed protejamos de manera eficiente y segura la cadena de suministro minimizando los riesgos relacionados con la contaminaci\u00f3n y actividades delictivas como el narcotr\u00e1fico, el terrorismo y el tr\u00e1fico ilegal.<\/span><\/div>\n<p>Es compromiso de nuestra empresa, proveer los recursos necesarios y aplicar los procedimientos de control y actividades de informaci\u00f3n y entrenamiento, que aseguren el cumplimiento de las pol\u00edticas dise\u00f1adas y la no participaci\u00f3n en pr\u00e1cticas relacionadas con trabajo forzado.<\/p>\n<p>\u00a0<\/p>\t\t\t\t\t\t\t\t<\/div>\n\t\t\t\t<\/div>\n\t\t\t\t\t<\/div>\n\t\t\t\t<\/div>\n\t\t\t\t<\/div>\n\t\t","protected":false},"excerpt":{"rendered":"<p>Pol\u00edticas CEPSA Qui\u00e9nes somosLa direcci\u00f3n de nuestra web es: https:\/\/transportescepsa.com\/2017. Comentarios Cuando los visitantes dejan comentarios en la web, recopilamos [&hellip;]<\/p>\n","protected":false},"author":1,"featured_media":0,"parent":0,"menu_order":0,"comment_status":"closed","ping_status":"closed","template":"","meta":{"site-sidebar-layout":"no-sidebar","site-content-layout":"","ast-site-content-layout":"full-width-container","site-content-style":"default","site-sidebar-style":"default","ast-global-header-display":"","ast-banner-title-visibility":"","ast-main-header-display":"","ast-hfb-above-header-display":"","ast-hfb-below-header-display":"","ast-hfb-mobile-header-display":"","site-post-title":"disabled","ast-breadcrumbs-content":"","ast-featured-img":"disabled","footer-sml-layout":"","theme-transparent-header-meta":"","adv-header-id-meta":"","stick-header-meta":"","header-above-stick-meta":"","header-main-stick-meta":"","header-below-stick-meta":"","astra-migrate-meta-layouts":"default","ast-page-background-enabled":"default","ast-page-background-meta":{"desktop":{"background-color":"var(--ast-global-color-5)","background-image":"","background-repeat":"repeat","background-position":"center center","background-size":"auto","background-attachment":"scroll","background-type":"","background-media":"","overlay-type":"","overlay-color":"","overlay-opacity":"","overlay-gradient":""},"tablet":{"background-color":"","background-image":"","background-repeat":"repeat","background-position":"center center","background-size":"auto","background-attachment":"scroll","background-type":"","background-media":"","overlay-type":"","overlay-color":"","overlay-opacity":"","overlay-gradient":""},"mobile":{"background-color":"","background-image":"","background-repeat":"repeat","background-position":"center center","background-size":"auto","background-attachment":"scroll","background-type":"","background-media":"","overlay-type":"","overlay-color":"","overlay-opacity":"","overlay-gradient":""}},"ast-content-background-meta":{"desktop":{"background-color":"var(--ast-global-color-4)","background-image":"","background-repeat":"repeat","background-position":"center center","background-size":"auto","background-attachment":"scroll","background-type":"","background-media":"","overlay-type":"","overlay-color":"","overlay-opacity":"","overlay-gradient":""},"tablet":{"background-color":"var(--ast-global-color-4)","background-image":"","background-repeat":"repeat","background-position":"center center","background-size":"auto","background-attachment":"scroll","background-type":"","background-media":"","overlay-type":"","overlay-color":"","overlay-opacity":"","overlay-gradient":""},"mobile":{"background-color":"var(--ast-global-color-4)","background-image":"","background-repeat":"repeat","background-position":"center center","background-size":"auto","background-attachment":"scroll","background-type":"","background-media":"","overlay-type":"","overlay-color":"","overlay-opacity":"","overlay-gradient":""}},"footnotes":""},"class_list":["post-344","page","type-page","status-publish","hentry"],"_links":{"self":[{"href":"https:\/\/transportescepsa.com\/2017\/wp-json\/wp\/v2\/pages\/344","targetHints":{"allow":["GET"]}}],"collection":[{"href":"https:\/\/transportescepsa.com\/2017\/wp-json\/wp\/v2\/pages"}],"about":[{"href":"https:\/\/transportescepsa.com\/2017\/wp-json\/wp\/v2\/types\/page"}],"author":[{"embeddable":true,"href":"https:\/\/transportescepsa.com\/2017\/wp-json\/wp\/v2\/users\/1"}],"replies":[{"embeddable":true,"href":"https:\/\/transportescepsa.com\/2017\/wp-json\/wp\/v2\/comments?post=344"}],"version-history":[{"count":38,"href":"https:\/\/transportescepsa.com\/2017\/wp-json\/wp\/v2\/pages\/344\/revisions"}],"predecessor-version":[{"id":663,"href":"https:\/\/transportescepsa.com\/2017\/wp-json\/wp\/v2\/pages\/344\/revisions\/663"}],"wp:attachment":[{"href":"https:\/\/transportescepsa.com\/2017\/wp-json\/wp\/v2\/media?parent=344"}],"curies":[{"name":"wp","href":"https:\/\/api.w.org\/{rel}","templated":true}]}}